+ 5*n. List the prime factors of y.
2, 5
Suppose -4 = 4*x, p - 2*x - 103 - 102 = 0. What are the prime factors of p?
7, 29
Suppose -s - 23 = -5*w, -3*w = 2*s - s - 17. Suppose 1 = -s*y + 3. Let u(k) = 3*k**2 + k. List the prime factors of u(y).
2
Suppose 0 = 6*x - 0*x - 762. What are the prime factors of x?
127
Let j = -8 + 16. Let t = 7 - j. What are the prime factors of t + 1 + -1 + 7?
2, 3
Let x(i) = -i**3 - 3*i**2 + 2. Let h be x(-2). What are the prime factors of h/(-3)*117/6?
13
Suppose 3 = -3*o + 3*l, o - l - 1 = -o. Suppose -4*x + 22 = 2*n, o*x + 7 = 3*x + 2*n. List the prime factors of x.
5
Let h(v) = 10*v + 29. What are the prime factors of h(16)?
3, 7
Let k = -344 + 574. What are the prime factors of k?
2, 5, 23
Let c = 58 + -38. List the prime factors of (-78)/(-4)*c/15.
2, 13
What are the prime factors of (514/(-10))/((-14)/70)?
257
Let q(j) = 2*j**2 - 6*j + 8. Suppose 0 = 2*g - 3*g + 6. What are the prime factors of q(g)?
2, 11
Let i(h) = h**2 - 6*h + 1. Let o be i(3). Let m(y) = -3*y - 12. Let w be m(o). Suppose c = -2*c + w. List the prime factors of c.
2
Suppose 2*o + d - 3 = 0, -4*o + 6*d + 27 = d. What are the prime factors of o?
3
Let w be (-1 - 1/(-2))*-10. Suppose 5*a - 60 = -5*n, w*n - 62 = -2*a - a. List the prime factors of n.
13
Let v(d) = -6*d + 7. Let z be v(9). Let m = z + 88. List the prime factors of m.
41
Suppose q + 2*q = u + 1, 0 = -q - u + 7. Let t be (-3)/4*(13 + -17). Suppose -t*f = -q*f - 6. List the prime factors of f.
2, 3
Suppose 15*h = 17*h - 18. List the prime factors of h.
3
Suppose 4*n - 12 = n, 4*b - 4*n - 120 = 0. What are the prime factors of b?
2, 17
Suppose -4*r = -3*j + 290, 2*j + 70 = 3*j + 4*r. Let v = j + -62. List the prime factors of v.
2, 7
Suppose 5*y + 355 = 5*v, 4*v - 209 = v + 4*y. List the prime factors of v.
3, 5
Let n = 0 - 4. What are the prime factors of (-54)/(-4) - n/8?
2, 7
Suppose -c = c + 36. Let v = -2 - c. What are the prime factors of v?
2
Let g(u) = 2*u**3 - 2*u**2 - u - 2. Let i be g(2). Suppose 3*o - 4*b - i = 1, 0 = b - 4. What are the prime factors of o?
7
What are the prime factors of (-4 - 21/(-6))*-6?
3
Let c be 33/77 + (-610)/(-14). Let t = -6 + c. List the prime factors of t.
2, 19
Suppose -3*v + 8 + 3 = f, f + v - 7 = 0. List the prime factors of f.
5
Let g(v) = 3*v**3 - 9*v**2 + 1. What are the prime factors of g(4)?
7
Let k(p) = 7*p**2 - 1. Let m be k(1). Let q = m + -2. List the prime factors of q.
2
Suppose -6 = 2*q - 4*q. Suppose -m - m + 12 = -2*a, a - 14 = -q*m. List the prime factors of m.
5
Let v = 8 + -7. Suppose v = -4*r - b, 1 + 2 = -2*r - 3*b. Suppose r = 2*m + 3*n + 2*n - 27, 2*m - 21 = -3*n. What are the prime factors of m?
2, 3
What are the prime factors of 4882/14 + -2 + 14/49?
347
Let r(t) = 19*t**3 - 4*t**2 + 2*t. What are the prime factors of r(2)?
2, 5, 7
Let t = 11 - 8. Suppose z = t*r - 1, -2*r - 3 = -4*z + 3. List the prime factors of 17 + r*2/1.
19
Let k = 53 - 8. List the prime factors of k.
3, 5
List the prime factors of (-5098)/(-17) + 20/170.
2, 3, 5
Suppose 22 = f - 4*k, -f + k = -26 + 4. List the prime factors of (f/6)/((-2)/(-18)).
3, 11
Suppose -g = g - 66. List the prime factors of g.
3, 11
What are the prime factors of (-699)/(-5) - 20/25?
139
Let d be -5 - 3/(-2)*2. What are the prime factors of ((-4)/(-8))/(d/(-124))?
31
Suppose 12 = -t + 5*t. Suppose t*l - 27 = 2*l. What are the prime factors of 320/18 - (-6)/l?
2, 3
Let h(b) = -b - 2. Let s be h(0). Suppose x - 14 = -3*j, 4*x - 4*j = 15 + 9. What are the prime factors of -3*s/6*x?
2
Suppose -w = -5*o - 5*w + 695, -2*o - 5*w = -261. List the prime factors of o.
11, 13
Suppose 4*w - 2 = 2*w. Let c = 1 + w. Suppose 12 = c*h - 4. List the prime factors of h.
2
Suppose -5*d = -5*c - 125, -7*d = -3*d + 3*c - 79. What are the prime factors of d?
2, 11
Suppose -3*i + 4*i = 26. List the prime factors of i.
2, 13
Let c be 11 + -1 - 3/(-1). Suppose -c = -2*m + m. List the prime factors of m.
13
Suppose -4*n = -3*n - 4. Suppose -2*g + n*g = 2*k - 12, g - 2 = -k. What are the prime factors of (1/1 - -1)*k?
2
What are the prime factors of 100/(-125) + 1368/10?
2, 17
Suppose -18 = u - 56. Let b = u + -22. What are the prime factors of b?
2
Let x(t) = t**2 - 2*t + 12. List the prime factors of x(3).
3, 5
Let t = 2 - 0. Suppose 2*o - 16 = -t*o. What are the prime factors of o?
2
Let k(r) = -r**3 + 13*r**2 - 10*r - 1. Let u be (-6)/4 + 81/6. List the prime factors of k(u).
23
Let h = 7 + -7. Let t be 3/((-6)/(-4)) - h. Suppose -t*c - c = l - 8, -2*c - 4 = -4*l. List the prime factors of c.
2
Let q = -4 - -8. Suppose -2*i - 3*t + 8 = 0, q - 20 = -4*i + 4*t. Suppose l = 5*d + 4, 2*l - 2*d + i*d - 32 = 0. List the prime factors of l.
2, 7
Let l be (24/2)/2 + 0. Let b = l + 7. What are the prime factors of b?
13
Let t = -19 + 30. Suppose 2*u + 2*u = 16, -i = 3*u - t. Let q(k) = 9*k**2 - 2*k - 1. List the prime factors of q(i).
2, 5
Let b = -3 - -15. Suppose r = -0*r + b. What are the prime factors of r?
2, 3
Let m = 13 - 9. Let z be ((-3)/m)/(1/(-4)). Suppose x - 33 = -4*x - 4*c, z*x + c - 24 = 0. What are the prime factors of x?
3
Let w(r) = -6*r - 18. List the prime factors of w(-18).
2, 3, 5
Suppose 0 = 2*p - 56 - 4. Suppose -2*r + 26 = 2*v, v + v - 2*r = p. What are the prime factors of v?
2, 7
Let v = 66 + -41. List the prime factors of v.
5
Let o(v) = -v**2 + 11*v + 10. Let m be (11/2)/((-2)/(-4)). List the prime factors of o(m).
2, 5
Suppose -17 = -p + 5*s, 5*p + s = 4 + 3. List the prime factors of p/(-2) - (-12 + 5).
2, 3
Let y(s) = 0*s**3 + 44*s**2 - s**3 - 35*s**2 + 2*s - 1. List the prime factors of y(9).
17
Let z = 185 + -110. What are the prime factors of z?
3, 5
Let a = -1 - -1. Suppose 9*j + 2*q - 103 = 4*j, a = q - 4. What are the prime factors of j?
19
Suppose 10 = 2*j + 3*s, 8*j + 3*s - 20 = 4*j. Suppose -10 = 7*h - 2*h, -j*q - 2*h + 61 = 0. List the prime factors of q.
13
Let d(g) = g**3 + 16*g**2 + 16*g + 24. List the prime factors of d(-15).
3
Suppose k + 4 = 18. List the prime factors of 592/k - 12/42.
2, 3, 7
Suppose 272 = 4*m - 0*m. Suppose -m = -l - l. What are the prime factors of l?
2, 17
Let d(a) = -a**2 + 419. What are the prime factors of d(0)?
419
Suppose -4*q = -4*s - 20, -s = -4*s + 4*q - 11. Let x = s + 24. Let g = x - 9. List the prime factors of g.
2, 3
Suppose -256 = -4*v + 3*l, 5*v - l - 4*l = 320. List the prime factors of v.
2
Let u(f) = 2*f**2 - f - 1. Let j be u(-3). Suppose 3*d = -2*d + j. Suppose d*k + 36 = 124. What are the prime factors of k?
2, 11
Let o(r) = -28*r + 1. Let m be o(-4). Suppose 1 = -4*y + m. List the prime factors of y.
2, 7
List the prime factors of (-10 + 27)/(-1*3/(-12)).
2, 17
Let v(z) = z**2 + 6*z + 4. Let t be v(-5). Let c(l) = -2 + 1 + l**2 - 5*l**3 - l**3 - l. List the prime factors of c(t).
7
List the prime factors of 7/((-14)/(-12)) + -4.
2
Suppose 0*i + 3*i - 12 = 0. Suppose -i*s - 12 = -0*s. List the prime factors of s/2 - (-37)/2.
17
Suppose -j - 4*j + 1 = -2*o, 0 = j + 3. What are the prime factors of (-70)/o - 3/(-12)?
3
Let t(k) = k**3 + 8*k**2 - 12*k - 1. List the prime factors of t(-9).
2, 13
What are the prime factors of 33/4*392/21?
2, 7, 11
Suppose 5*z = -t - 9, -3*z - 2*z = 25. Suppose 0 = 5*q + 4*s - 34, -q - q - s + t = 0. List the prime factors of q.
2, 5
Suppose 3*b - 104 + 20 = 0. Let j = b - 2. List the prime factors of j.
2, 13
Suppose -x - 8 = -0*x. Let p = 5 + x. List the prime factors of 3/6*p*-2.
3
Suppose -23 + 6 = -j. List the prime factors of j.
17
Let c = -325 - -556. What are the prime factors of c?
3, 7, 11
Let f = 37 + -5. Suppose -j = 3*j - f. List the prime factors of j.
2
Suppose 2*g - 3*m = 223, -25 = 5*m - 0. What are the prime factors of g?
2, 13
Suppose 0 = -3*n + 4*m - 14, -n + 3*m = 13 - 0. Suppose -4*p = -r - 54, 3*p - 19 - 27 = -n*r. Let c = 30 - p. What are the prime factors of c?
2
Let c(j) = -j**3 + 7*j**2 - 3*j - 5. Let w be c(6). Suppose -w + 2 = -p. Suppose 2*z - p = z. List the prime factors of z.
11
Let b = 6 + 19. What are the prime factors of b?
5
Suppose 3*d = -3*j + 138, j - 10 = -4*d + 48. What are the prime factors of j?
2, 3, 7
Suppose -2*u + 160 = -f, -3*f + 134 = 3*u - 97. List the prime factors of u.
79
Let t = -12 + 17. Suppose 0 = -t*g - p - 4*p + 70, 3*p -